 3*l = x*p - 35, -15*l + 2*p + 5 = -18*l. Determine y(l).
4
Let r be (2 + 0)/((-4)/(-42)). Let a(g) = -6 + 16*g + r - 14. Let z(o) = -o**2 + 2*o + 2. Let n be z(3). Give a(n).
-15
Let y(l) = l**2 - 2*l**3 + 3*l + l**2 + 2479 + 2486 - 4967. Let m be 9/(-9)*(0 + -3). Let z be (-2)/(-2)*-1 + m. Determine y(z).
-4
Let q(k) = -4*k**3 - k**2 - 3*k - 4. Suppose 117*g + 38 + 162 = -34. Give q(g).
30
Suppose -183 = -2*g + 97. Let m be 2/10 - 7/(g/(-256)). Let x(v) = -m + 13 - v + 2*v. Calculate x(-1).
-1
Let a(k) = -3*k + 13 + 4*k - 1602*k**2 + k**3 + 1605*k**2 - 3*k. What is a(-4)?
5
Let h(t) = 15 - 12353*t**2 + 8*t + 6168*t**2 + 6175*t**2 - t**3. Give h(-11).
48
Let q(d) be the first derivative of d**3/6 + d**2/2 - 16*d - 102. Let p(a) be the first derivative of q(a). Determine p(-5).
-4
Let u(v) = 2*v**3 + 73*v**2 + 38*v + 51. Let q = 22927 - 22963. Calculate u(q).
-21
Let j(g) be the first derivative of 11 - 1/2*g**2 - 8*g. Determine j(-6).
-2
Let w(c) = -c**3 + 6*c**2 + c - 3. Let j = 9 - 7. Suppose -2*z = j*x + 21 + 3, 0 = 4*x + 2*z + 50. Let m(t) = -t - 7. Let b be m(x). Determine w(b).
3
Let a(s) = 20*s**2 - 4*s + 5. Suppose -606*i - 65 = -671*i. Determine a(i).
21
Suppose -5*f = -b - 11, -5*b + 4*f = 10 + 213. Let c(p) = 20*p + 1025. What is c(b)?
5
Let k(w) be the first derivative of 4*w**3/3 - 10*w**2 - 24*w - 4151. Determine k(6).
0
Let s = -160 + 164. Let k(f) = -s - 2*f - 1 - 3 - 3. What is k(-8)?
5
Let v(a) = -18*a**2 - 5*a - 4. Let r be (-23)/(69/6)*1. Determine v(r).
-66
Suppose -k + 2*t + 847 = 0, 8*t = -2*k + 3*t + 1730. Let w = 842 - k. Let v(f) = -f**3 - 15*f**2 - 28*f - 25. Determine v(w).
1
Let a(h) be the second derivative of -23*h - 1/3*h**4 + h**3 + 0 - 1/120*h**5 + 0*h**2. Let p(w) be the second derivative of a(w). Give p(-8).
0
Let n = -98 - -125. Let k(y) = y**3 - 27*y**2 + y + 65. Let p be k(n). Let l = -97 + p. Let d(x) = -x**3 - 5*x**2 - 4*x - 2. Determine d(l).
18
Let n(j) = 3*j + 109. Let s be n(-38). Let g(z) be the first derivative of -3*z**2 - 7*z + 13. Determine g(s).
23
Let z(g) = g**3 - 2*g. Let v(w) = -w**3 + w + 1. Let n(h) = -2*v(h) - z(h). Let y be n(2). Let b(r) = 1 + 327*r - 318*r - 7 - 3 - r**2. Calculate b(y).
9
Let j(k) be the first derivative of k**4/4 + 2*k**3 + 2*k**2 - 7*k + 1. Let v = -363 + 388. Suppose -174*b = -169*b + v. Give j(b).
-2
Let z(d) be the second derivative of -1/3*d**3 - d**2 + 0 + 3*d. Let i(t) = t**2 + 9*t + 5. Let p be i(-8). What is z(p)?
4
Let f(q) = -14*q**2 + 28*q + 54. Let h(y) = -17*y**2 + 28*y + 53. Let k(p) = -6*f(p) + 5*h(p). Give k(-26).
-7
Let w(i) = 11*i - 3 + 97*i + 5*i - 159*i. What is w(0)?
-3
Let b(m) = 21*m + 1. Suppose 3*n - 3*k = 39, 3*n + 5*k - 31 = -0*k. Let u be 26/n + (-35)/210. Determine b(u).
43
Let f(q) = -168*q**2 + 33 + 80*q - 184*q**2 - q**3 + 540*q**2 - 164*q**2. What is f(27)?
6
Let q(y) = y**2 - y - 2. Let d be ((-27)/18)/((-1)/24). Let n be (-1356)/d + 10/6. Let g be n/(-24) + (-6)/4. Calculate q(g).
-2
Let r = 13 + -14. Suppose -983 = -7*n + 445. Let o(t) = 197*t**2 - 399*t**2 + n*t**2. Determine o(r).
2
Let a(m) be the third derivative of -m**6/120 - m**5/15 + m**4/3 + 5*m**3/6 - 25*m**2 + 6*m. Determine a(-5).
-10
Suppose 0 = 2*s + 5*b + 32, -s + 8*b + 5 = 7*b. Let m(r) = -31*r**3 + 2*r**2 + r - 1. Give m(s).
31
Let k(l) be the third derivative of l**5/20 + 2*l**4/3 - 7*l**3/6 - 7*l**2 + 129*l. Calculate k(-5).
-12
Let s = -90 + 92. Let r(k) = -11*k**2 - 2*k + 6*k**s + 4*k**2 - 13*k + 2. Calculate r(-15).
2
Let l(n) = 14*n**2 + 4*n + 7. Let t(m) = -47*m - 3 + 45*m + m**2 - 7*m**2. Let c(f) = -4*l(f) - 9*t(f). Give c(1).
-1
Let c(k) be the first derivative of -k**2/2 - k + 4. Let w(y) = -6*y - 11. Let x(n) = -4*c(n) + w(n). Suppose 3*b - 5*l + l = -40, 52 = -4*b + 5*l. Give x(b).
9
Let l(n) be the second derivative of 4*n - 2/3*n**3 - 1/12*n**4 - 2 + 2*n**2. Determine l(-4).
4
Let i(c) be the second derivative of c**5/20 + 4*c**4/3 + c**2/2 - 364*c - 4. What is i(-16)?
1
Let m(o) be the third derivative of 37*o**5/60 + 5*o**4/12 + 3*o**3/2 - o**2 + 47*o + 7. Give m(-1).
36
Let t be -6 - (-150)/(-100)*(-11 - -1). Let b(i) = -i**3 + 8*i**2 + 5*i + 12. What is b(t)?
-24
Let u(o) = 22*o - 7. Let z = 11136 - 11139. Determine u(z).
-73
Let o(k) = 8*k - 43 - k + 2*k + 63 + 28. Give o(-6).
-6
Let c be (5/(-4))/((-4)/(-80)). Let a be c/10*4/5. Let u(f) = 26*f - 2 + 5*f**2 - 2*f**2 - 26*f. What is u(a)?
10
Let f(g) = -g**2 - 10*g - 5. Suppose -60 = 2*r + 5*v + 12, 0 = -4*v - 16. Let n(p) = -p**2 - 27*p - 36. Let w be n(r). What is f(w)?
-5
Suppose 103*f - 2 = 102*f. Let h(a) = 26 + a - 88 + 23 + 20 + 21 + 3*a**3 - 4*a**f. Give h(2).
12
Let p(a) = -84 + 27 + 27 + 19 + 5*a + 32. Let y(x) = -3*x - 21. Let n(g) = 2*p(g) + 3*y(g). Give n(10).
-11
Let w(u) = 11*u - 9. Let k be w(2). Let p(z) = 4*z**2 - 83*z + 81. Let g(s) = s**2 - 20*s + 20. Let h(a) = -9*g(a) + 2*p(a). What is h(k)?
-5
Let j(n) = -n**3 - 28*n**2 - 53*n - 33. Let u(c) = -70*c + 254. Let t be u(4). Give j(t).
-7
Let x(q) = 105*q**2 - 2*q - 4*q - 305*q**2 + 96*q**2 + 103*q**2 - 6. Give x(-3).
3
Let s = 153 + -151. Let n(k) = 3*k + 3*k**2 - 2*k + s*k**2 - k**2. Give n(1).
5
Let f(p) be the third derivative of 1/3*p**3 - 5/24*p**4 - 29*p**2 + 0 + 0*p. Suppose -3*x + 4 = -5*x. Determine f(x).
12
Suppose -5*p - 15 = 4*g, 2*g + 2*g - 13 = -p. Let x(v) = 2*v**2 + 19*v + 20. Calculate x(p).
-15
Let k(j) = j**3 - 6*j**2 + 4*j - 3. Let m = 25 - 20. Suppose -9 - m = -7*b. Let d be 77/21 - (b/3 + -1). Determine k(d).
-19
Let d(p) = 2382*p**3 - 6*p - 1215*p**3 - 1168*p**3 - 6*p**2. Suppose 3*h + 4*m = -35, 3*h + 2*h + 2*m = -35. Calculate d(h).
5
Suppose 300*r + 343 = 307*r. Let s(m) = 22*m + 1 + 3 + 32*m - r*m. What is s(-4)?
-16
Let p(l) = 9*l + 4 - l - 3*l - l**2 - 2. Let f = 20120 + -20114. What is p(f)?
-4
Let r(n) = -n**3 + 9*n**2 - 9*n - 4. Let p be 10/45 - ((-4)/(-18) + 105/(-15)). Calculate r(p).
31
Let x(d) = -d**3 - 6*d**2 - d - 1. Let f = 68 + -78. Let q = -9 - f. Let g be (-10)/q - 4/(8 + -9). Calculate x(g).
5
Let m(u) = -14*u**3 - 17*u**2 - 61*u - 57. Let t(f) = -3*f**3 - 4*f**2 - 15*f - 14. Let z(n) = -2*m(n) + 9*t(n). Calculate z(5).
-2
Let j(v) = -v**2 - 2. Let i(g) = 6*g**2 + 5*g + 19. Let h(b) = 3*i(b) + 21*j(b). Calculate h(6).
-3
Let w(j) be the second derivative of 8*j**3/3 - j**2/2 + 143*j + 3. Suppose -2*q + 10 = -5*d - 20, -5*q + 2*d + 33 = 0. Suppose z + 4 = q. Calculate w(z).
15
Let u(d) be the second derivative of -d**4/12 - 4*d**3/3 + 2*d**2 + 82*d. Suppose 11*b + 42 = 5*b. What is u(b)?
11
Let z(m) = -89 + 162 - 97 - 157*m**3 + 18*m**2 + 158*m**3 + 14*m**2. Give z(-32).
-24
Let y(p) = -p**2 - 8*p - 5. Let d = 138 + -156. Let u be d/(-12) + (-3)/(-6)*-17. What is y(u)?
2
Let d(u) = -u**3 - 2*u**2 + 5*u - 2. Let o(q) = q**2 + 42*q - 2059. Let i be o(29). Give d(i).
-2
Let g(u) = -u**2 + 6*u - 4. Let i = -221 + 238. Suppose 0 = 3*t + 5*p - i, 5*t - 7*p + 2*p - 15 = 0. Determine g(t).
4
Let s(i) = -10*i - 17. Let d be 10/(-20) + 7/(-14). Calculate s(d).
-7
Suppose -5*s = -6*z + 5, -41*s + 1 = -5*z - 42*s. Let q(v) be the second derivative of 1/6*v**4 - 1/2*v**2 - 1/2*v**3 + z + 8*v. What is q(-2)?
13
Let y(j) = -1 - 19*j**2 + j + 18*j**2 + 0*j + 4*j. Let i be (19 + -1)/(2*(-12)/(-8)). Give y(i).
-7
Let h(w) = -2*w + 3*w - 2 + w. Let r be 4 + 2 + (-49*(-11)/77 - 7). Calculate h(r).
10
Let g = -22058 - -22065. Let x(z) = -z**2 + 4*z + 16. What is x(g)?
-5
Let c(v) = v**3 - 8*v**2 - 8*v - 9. Let h be c(9). Suppose -9*m + 7*m = h. Let j(w) = w - 3. Calculate j(m).
-3
Let b(a) = 2*a**3 + 63*a**2 - 34*a - 59. Let u be b(-32). Suppose 3*v + 47 = u*h, 3*v - h + 57 = -v. Let w(r) = r**2 + 13*r - 6. Determine w(v).
8
Let d be 12/15 - 27/15. Let a(q) = -q. Let j(w) = 5*w + 3. Let b(h) = d*j(h) - 6*a(h). Determine b(7).
4
Let k(i) = -32*i + 13*i + 20*i + 161 + 21*i. Determine k(-7).
7
Suppose 52*a - 456 = -62*a. Let g(s) be the third derivative of 0*s + 1/6*s**3 - 1/60*s**5 + 0 - 23*s**2 - 1/12*s**a. Determine g(-4).
-7
Let s(b) be the first derivative of 3*b**2/2 + 51*b + 1270. What is s(-18)?
-3
Suppose 0 = 16*h - 81 - 111. Let w(t) = 4*t + 9. Calculate w(h).
57
Suppose 72*z = 69*z + 51. Suppose 40*f = z*f - 92. Let t(c) = -c**3 - 7*c**2 - 2*c + 1. What is t(f)?
-39
Let i = 4 - 2. Let f 